t common divisor of 4923 and 72?
9
What is the greatest common divisor of 304 and 228848?
16
What is the highest common divisor of 98 and 1323?
49
Calculate the highest common factor of 1449 and 7659.
207
What is the highest common factor of 18659 and 9925?
397
What is the greatest common factor of 12469 and 370?
37
Calculate the highest common factor of 13 and 13461500.
13
What is the greatest common divisor of 13363 and 83664?
581
What is the greatest common factor of 182 and 22092?
14
What is the greatest common factor of 243979 and 19?
19
Calculate the greatest common factor of 118 and 2242.
118
What is the highest common factor of 28192 and 320?
32
Calculate the highest common divisor of 235312 and 22.
22
Calculate the highest common factor of 531139 and 23.
23
What is the highest common factor of 267 and 15664?
89
What is the highest common divisor of 14 and 403991?
7
What is the highest common factor of 4653 and 27072?
423
Calculate the highest common factor of 196 and 16758.
98
Calculate the highest common factor of 312892 and 1969.
179
What is the greatest common factor of 320 and 7767520?
160
What is the greatest common factor of 403 and 38441?
13
What is the highest common factor of 27328 and 1904?
112
Calculate the greatest common divisor of 29601 and 585.
117
Calculate the highest common divisor of 1365 and 171080.
455
What is the highest common factor of 827895 and 7275?
1455
What is the greatest common divisor of 9307 and 697?
41
Calculate the highest common factor of 592740 and 20.
20
Calculate the highest common divisor of 443 and 2511367.
443
Calculate the highest common factor of 10710 and 435960.
630
What is the greatest common factor of 216 and 166428?
108
Calculate the highest common factor of 1130107 and 2343.
781
Calculate the highest common divisor of 2319 and 198.
3
Calculate the highest common factor of 219 and 2701.
73
What is the highest common divisor of 20 and 159295?
5
What is the greatest common factor of 50220 and 22692?
372
What is the highest common divisor of 148872 and 24?
24
What is the highest common divisor of 429 and 141999?
429
What is the highest common factor of 1133 and 4535399?
1133
Calculate the highest common divisor of 24 and 5637.
3
What is the highest common factor of 2535 and 195?
195
What is the greatest common factor of 90 and 460530?
90
What is the highest common factor of 28755 and 405?
405
What is the highest common divisor of 2855321 and 2315?
463
Calculate the greatest common divisor of 4010772 and 36.
12
What is the greatest common divisor of 7125 and 22875?
375
What is the highest common divisor of 25077 and 156?
39
Calculate the highest common factor of 297160 and 114.
38
What is the greatest common factor of 45 and 711009?
9
Calculate the highest common factor of 135149 and 28.
7
What is the highest common divisor of 1610 and 119?
7
Calculate the greatest common factor of 10098 and 238.
34
What is the highest common divisor of 1230 and 9510?
30
Calculate the highest common divisor of 467343 and 513.
513
What is the greatest common factor of 538 and 2107615?
269
Calculate the highest common factor of 106 and 1345034.
106
What is the greatest common factor of 802255 and 23885?
1405
What is the highest common factor of 14576 and 286054?
1822
Calculate the highest common factor of 12144 and 66.
66
What is the greatest common divisor of 831871 and 37?
37
Calculate the greatest common divisor of 7047 and 29.
29
Calculate the highest common divisor of 1034740 and 95.
95
What is the highest common factor of 4687 and 30411?
109
Calculate the greatest common divisor of 126 and 638106.
42
What is the greatest common factor of 19 and 151297?
19
Calculate the highest common factor of 31549 and 259.
7
What is the highest common divisor of 16279 and 6021?
223
What is the greatest common divisor of 77 and 2004079?
77
Calculate the greatest common divisor of 2220 and 949605.
555
What is the greatest common factor of 153 and 244341?
153
What is the greatest common divisor of 10395 and 540?
135
What is the greatest common divisor of 79 and 6704019?
79
What is the highest common factor of 1276 and 902?
22
What is the highest common divisor of 41375 and 5?
5
What is the highest common divisor of 341080 and 10?
10
Calculate the highest common factor of 18 and 1390734.
18
What is the greatest common factor of 4687335 and 135?
135
Calculate the greatest common factor of 5469600 and 1272.
1272
What is the highest common divisor of 67132 and 208?
52
Calculate the greatest common factor of 7925869 and 23.
23
Calculate the highest common divisor of 20898 and 55890.
486
Calculate the greatest common divisor of 481236 and 7140.
1428
What is the highest common divisor of 30128 and 784?
112
What is the greatest common divisor of 31484 and 1224?
68
Calculate the highest common divisor of 160 and 1792960.
160
What is the greatest common factor of 489976 and 9928?
584
Calculate the greatest common divisor of 707304 and 24.
24
What is the greatest common factor of 438 and 2118?
6
What is the greatest common divisor of 1453772 and 952?
68
What is the greatest common divisor of 1147 and 2232?
31
Calculate the greatest common divisor of 8796 and 108.
12
What is the highest common factor of 120 and 282552?
24
Calculate the greatest common factor of 338 and 825058.
338
What is the highest common factor of 8033 and 464?
29
What is the greatest common factor of 1280 and 82960?
80
Calculate the highest common factor of 9328 and 572.
44
What is the highest common divisor of 32942 and 3801?
1267
What is the highest common divisor of 54 and 279?
9
What is the highest common divisor of 304165 and 3175?
635
What is the highest common factor of 468 and 4082?
26
What is the highest common factor of 366 and 862418?
122
What is the greatest common divisor of 2496 and 18954?
78
What is the greatest common factor of 210745 and 565?
565
Calculate the highest common divisor of 483 and 56.
7
What is the greatest common factor of 25 and 349925?
25
What is the greatest common divisor of 290 and 3654?
58
Calculate the highest common factor of 29757 and 18291.
273
What is the highest common factor of 729 and 12729?
3
What is the greatest common divisor of 814 and 199837?
407
Calculate the greatest common divisor of 150 and 55850.
50
Calculate the greatest common factor of 158 and 12855433.
79
Calculate the greatest common factor of 93576 and 357.
21
What is the greatest common divisor of 1506 and 24?
6
What is the highest common divisor of 3292 and 486393?
823
What is the greatest common factor of 100 and 46450?
50
What is the greatest common divisor of 316535 and 1073?
1073
What is the highest common divisor of 15912 and 374?
34
What is the greatest common factor of 5 and 738085?
5
What is the highest common divisor of 94 and 82109?
47
What is the greatest common factor of 25 and 3558175?
25
What is the highest common factor of 374 and 105400?
34
Calculate the greatest common factor of 5184 and 7506.
54
Calculate the greatest common divisor of 66 and 47982.
66
Calculate the greatest common divisor of 7790 and 4465.
95
What is the greatest common factor of 616 and 269962?
154
What is the highest common factor of 37216 and 464?
16
Calculate the greatest common factor of 3290 and 38540.
470
What is the highest common divisor of 219287 and 309?
103
What is the highest common divisor of 203724 and 90?
18
Calculate the highest common divisor of 94564 and 376.
188
Calculate the greatest common factor of 60109 and 8897.
217
Calculate the greatest common factor of 285011 and 37.
37
Calculate the highest common factor of 24742 and 2047.
89
What is the highest common divisor of 456 and 10104?
24
What is the greatest common factor of 958 and 151843?
479
What is the greatest common divisor of 31445 and 120?
5
What is the highest common factor of 81253 and 52625?
421
What is the greatest common divisor of 358141 and 1323?
49
Calculate the highest common divisor of 5609 and 869.
79
What is the greatest common factor of 558 and 4194?
18
Calculate the highest common divisor of 20 and 13753030.
10
Calculate the greatest common factor of 156064 and 116.
4
Calculate the greatest common factor of 61917 and 9.
3
What is the highest common divisor of 19 and 